site number?
True
Is 584283457 composite?
False
Is 61048531 prime?
True
Is 4301135777 prime?
True
Is 9153793421 a composite number?
True
Is 27476910997 a composite number?
True
Is 359316487 a composite number?
True
Is 153026275867 a composite number?
False
Is 654054343 prime?
False
Is 1231719457 a prime number?
True
Is 58672533521 a composite number?
True
Is 270479731 composite?
True
Is 186934303069 a prime number?
True
Is 655915061 a composite number?
False
Is 13213027 prime?
False
Is 535123 a composite number?
False
Is 56752143281 a composite number?
True
Is 782567043877 a prime number?
True
Is 68415960091 a composite number?
True
Is 12081009059 a composite number?
True
Is 4195539793 composite?
True
Is 6529147 a prime number?
False
Is 4618566473 a prime number?
True
Is 26408393567 composite?
True
Is 21447983681 composite?
False
Is 39609962338 composite?
True
Is 527910713 prime?
False
Is 39219801763 composite?
False
Is 24245078279 prime?
True
Is 97455775399 prime?
True
Is 2585669467 a prime number?
False
Is 2370865517 a composite number?
False
Is 54905829971 a prime number?
True
Is 44641811117 prime?
True
Is 16365211663 a prime number?
True
Is 2689898753 a composite number?
False
Is 2508261443 a composite number?
False
Is 624059981 a composite number?
False
Is 224327459 composite?
False
Is 614288533 prime?
True
Is 18476461 a composite number?
True
Is 33860456849 a composite number?
True
Is 418939321561 a composite number?
False
Is 440953399 prime?
False
Is 16012151663 a composite number?
False
Is 18720531721 composite?
True
Is 14816145737 a composite number?
False
Is 3881764057 prime?
False
Is 142403663 a prime number?
False
Is 6861087529 composite?
False
Is 1585112689 a prime number?
False
Is 1981961549 prime?
False
Is 36202277063 prime?
True
Is 1976732237 composite?
False
Is 261261113 composite?
True
Is 2523930391 prime?
True
Is 269277940139 a prime number?
False
Is 34118859197 a prime number?
True
Is 11765797079 a composite number?
False
Is 682381877 a prime number?
False
Is 644269933 composite?
False
Is 1130326187 a composite number?
False
Is 321894839 composite?
True
Is 63500389583 composite?
False
Is 448107467 composite?
False
Is 7091676821 a prime number?
False
Is 57634886269 a composite number?
False
Is 2257939 composite?
False
Is 74101070839 prime?
False
Is 73381189 a prime number?
False
Is 110652107 a composite number?
False
Is 597031849 composite?
False
Is 584637013 a composite number?
True
Is 4062819881 composite?
False
Is 1789493171 a prime number?
True
Is 550565789 prime?
False
Is 11654303957 a prime number?
True
Is 39034718219 a composite number?
True
Is 3409630859 a prime number?
True
Is 164765843 prime?
False
Is 1252914551 a prime number?
False
Is 146316440093 a composite number?
True
Is 66536991889 a composite number?
False
Is 30520916267 prime?
True
Is 566868521 composite?
False
Is 72296695 prime?
False
Is 16091135677 a prime number?
True
Is 8169265303 a composite number?
False
Is 24199328519 prime?
True
Is 4722764663 a prime number?
False
Is 62282173 a composite number?
False
Is 492672517 prime?
True
Is 350234447 prime?
True
Is 8712911227 a prime number?
True
Is 68102521 composite?
False
Is 84316584179 a composite number?
True
Is 35755046563 a prime number?
True
Is 2681966951 a composite number?
True
Is 7458000269 a composite number?
False
Is 709055003 composite?
True
Is 53797232809 a prime number?
True
Is 2837665099 composite?
True
Is 7381836571 a prime number?
True
Is 10968206335 composite?
True
Is 7227534799 prime?
False
Is 369087319 a prime number?
False
Is 51306898289 a prime number?
True
Is 127346479 prime?
False
Is 240834107 composite?
True
Is 695926793 a composite number?
False
Is 224858611 prime?
True
Is 19919807021 prime?
True
Is 1264931009 prime?
True
Is 4700797609 a composite number?
True
Is 366132673 prime?
True
Is 23721257221 prime?
True
Is 1846587557 a composite number?
True
Is 18262003681 prime?
False
Is 625361137 a prime number?
False
Is 652971223 a composite number?
False
Is 85469237431 a prime number?
True
Is 686340177 a composite number?
True
Is 2775029357 prime?
False
Is 2214714839 prime?
True
Is 2805788983 prime?
False
Is 18428678057 a composite number?
False
Is 8560430477 a composite number?
False
Is 6982366843 composite?
True
Is 2398608187 a prime number?
False
Is 2998488913 a composite number?
True
Is 5913632227 composite?
False
Is 46539869 composite?
False
Is 21395142253 composite?
True
Is 9857358383 a prime number?
True
Is 18316219 a composite number?
True
Is 5198540453 a composite number?
True
Is 2271169189 a composite number?
True
Is 2324105083 prime?
False
Is 49937188969 prime?
True
Is 39480438623 prime?
False
Is 379893511 prime?
True
Is 2280817411 composite?
False
Is 4325434 a prime number?
False
Is 4471986977 a composite number?
False
Is 277955231 prime?
True
Is 47216759117 a prime number?
False
Is 14675254663 a prime number?
True
Is 216879741809 a composite number?
True
Is 8014876547 composite?
False
Is 1302211901 a prime number?
True
Is 1014118069 a prime number?
True
Is 4516177139 a composite number?
False
Is 392545267 composite?
False
Is 56739507319 composite?
True
Is 31266961073 a prime number?
True
Is 616919311 composite?
True
Is 1166123227 a composite number?
False
Is 21976295461 composite?
True
Is 639248983 a composite number?
False
Is 274836677 prime?
True
Is 27941055119 a prime number?
False
Is 1115384269 a composite number?
False
Is 119366845685 prime?
False
Is 8732148655 prime?
False
Is 1428194227 a prime number?
True
Is 205599929 a composite number?
True
Is 5146567 prime?
True
Is 369451513 a composite number?
True
Is 775855339 a composite number?
True
Is 4745824609 composite?
False
Is 236875021 composite?
True
Is 1629996535 composite?
True
Is 10630974383 prime?
False
Is 11014848797 a composite number?
False
Is 42401466491 a composite number?
False
Is 6651946162 a prime number?
False
Is 20915350301 a composite number?
True
Is 2239662167 prime?
True
Is 98924638 a prime number?
False
Is 32629662991 a prime number?
True
Is 259830823 composite?
True
Is 17455606183 composite?
True
Is 668622707 a composite number?
False
Is 32949900019 a composite number?
False
Is 3912222239 composite?
True
Is 50159851285 composite?
True
Is 281036599 a composite number?
False
Is 588966757 a composite number?
False
Is 8621834813 a composite number?
False
Is 1632662123 composite?
False
Is 44904245303 composite?
True
Is 793287115 prime?
False
Is 18193984633 composite?
True
Is 3221703229 composite?
False
Is 215233528043 composite?
False
Is 450910259 composite?
False
Is 613618969 a prime number?
True
Is 560182061 prime?
True
Is 26259899993 composite?
True
Is 1831623337 composite?
True
Is 44567701993 a prime number?
False
Is 212244423229 prime?
False
Is 7766652107 a prime number?
False
Is 307550909 a prime number?
True
Is 27941488051 a composite number?
True
Is 2193558877 a composite number?
False
Is 2272724483 a prime number?
False
Is 17140510561 a composite number?
True
Is 2940200741 a composite number?
False
Is 545767711 a prime number?
False
Is 4136394371 a prime number?
False
Is 13425817169 a prime number?
False
Is 10148642177 prime?
False
Is 24599744839 a prime number?
False
Is 71326501357 prime?
True
Is 3861845549 a composite number?
False
Is 1025878601 a composite number?
True
Is 964277827 a prime number?
True
Is 1439872843 composite?
False
Is 7416887 composite?
True
Is 1194050917 composite?
False
Is 38728050679 composite?
False
Is 21576136879 a composite number?
True
Is 3894860435 a prime number?
False
Is 432223993 prime?
True
Is 10816241439 a composite number?
True
Is 93198266869 a prime number?
True
Is 18177348781 composite?
False
Is 182998567 prime?
False
Is 35847479963 composite?
False
Is 34996850547 composite?
True
Is 25320847 prime?
False
Is 177085749389 a composite number?
False
Is 294776407 a composite number?
True
Is 85955299 a prime number?
False
Is 465641363 composite?
True
Is 40040316677 prime?
False
Is 1383281357 prime?
True
Is 5205327899 composite?
False
Is 13579749083 composite?
False
Is 548997937 a prime number?
False
Is 14376799681 prime?
False
Is 10133378417 a prime number?
False
Is 20747537 prime?
True
Is 689728499 a prime number?
True
Is 6171069689 a composite number?
False
I